 b(i) = -i**2 + 0*i**2 + i - 5*i + 7. Calculate b(g).
2
Suppose -4*v - h + 19 - 46 = 0, 0 = -5*v - 5*h - 30. Let o(i) be the second derivative of -3/2*i**2 - 1/12*i**4 + 9*i + 5 - 7/6*i**3. Give o(v).
-3
Let g(y) = -y - 1. Let j be ((-1)/4)/((-4)/(-16)). Let k(r) = 1. Let v(p) = j*g(p) + 5*k(p). Suppose 2*b - 4*b - 12 = 0. What is v(b)?
0
Let o(p) = p - 4. Suppose 18 = -5*i - 478*m + 480*m, -3*i = m + 13. What is o(i)?
-8
Let r(m) = 49*m**2 + m + 38. Let h(q) = 139*q**2 + 5*q + 114. Let g(b) = 6*h(b) - 17*r(b). Give g(-10).
8
Let x(v) = -31*v - 9. Let j(p) = 20*p + 10. Let q(n) = 3*j(n) + 2*x(n). Let y = -1 - -11. Give q(y).
-8
Let j(z) = 3*z - 7. Let l be ((-13)/4)/(124/32 + -4). Suppose -l*s + 38 = -27*s. Let u = -31 - s. What is j(u)?
14
Let m(p) = p**2 - 1. Let r(g) = -2*g**2 + g + 5. Let v(q) = 4*m(q) + r(q). Let h(x) = 2*x**3 + 197*x**2 - 289*x + 1103. Let j be h(-100). Calculate v(j).
22
Let p(v) = 3*v - 2. Let u be (-2)/15 + (-737)/(-15). Let s = 54 - u. Suppose 5*n = -5*i - 18 + 8, 3*i = -s*n - 20. Calculate p(n).
-23
Let r(h) = -5*h - 1. Suppose -f - 584 = -5*f. Let x(z) = z**2 + 64*z - 1232. Let y be x(17). Let b = f - y. Give r(b).
-6
Let j = 106 + -114. Let z(y) = -11*y - 87. Let q be z(j). Let o(k) be the third derivative of -13*k**5/30 - k**4/24 + 8*k**2. Determine o(q).
-27
Let h(j) = j**3 - 11*j**2 - j. Let d(b) = -11*b - 18. Let r be d(4). Let s be r/(-6) - 26/(-39). Determine h(s).
-11
Let w(m) = 21 - 56192*m + 56194*m - 12 - 10. Determine w(-4).
-9
Let d(h) = h**2 - 17*h + 47. Suppose -y - 81 = -5*q, 15*y - 20*y - 30 = 0. Give d(q).
17
Let q(h) = 23*h - 1. Let z = -440 - -312. Let c be z/(-96) + 7/(-3). What is q(c)?
-24
Let s(v) = -v + 7. Let n be s(7). Suppose 0 = -n*u - u - 30. Let o be -3*(2 + (u/9)/5). Let g(q) = q**2 + 5*q + 6. What is g(o)?
2
Let t(z) = z**3 - 7*z**2 + 3*z + 3. Let j be ((-15)/(-10) - 3)/((-18)/36). Determine t(j).
-24
Let q(b) = 0 + 15 - 237*b + 253*b. Calculate q(-5).
-65
Let t(h) = h**3 - 6*h**2 + 7*h + 4. Let u(o) = o**3 + 4*o**2 + 4. Let j be u(-4). Let v be t(j). Let q(z) = 2*z + z**3 - z + 5*z**2 + v*z + 7. What is q(-5)?
2
Let a(f) = -6*f + 4. Let i = -248 - -254. Suppose i*t + 7 = 25. Give a(t).
-14
Let r(m) = -m**2 + 6*m - 12. Let y = -32767 + 32773. Calculate r(y).
-12
Let c(r) = 2*r**2 + 5*r + 3. Suppose 3*v - 3*y = -4*y + 24, 3*v + 5*y = 36. Suppose -2*w + v = -s + 4*s, 9 = -w + s. Give c(w).
15
Let o be (-1584)/(-360) + ((-36)/15)/(-4). Let f(l) = 4*l**2 - 6*l + 1. What is f(o)?
71
Let b(d) be the second derivative of -d**5/20 + 4*d**4/3 + 10*d**3/3 - 59*d**2/2 + 3131*d. What is b(17)?
-8
Let u(s) = -s**2 - 5*s + 5. Let m be u(-5). Let y(j) = -827*j - 8 - 832*j - 829*j + 2490*j. Calculate y(m).
2
Suppose -40 = 7*q - 27*q. Let o(d) = 6*d**2 - 10*d + d**q - 12*d**3 - 10 + 13*d**3. Calculate o(-8).
6
Let w(z) = 2*z**2 + z + 4. Let j(q) = q**3 + 2*q**2 - q - 9. Suppose -7*s + 2*s = 0. Let d be j(s). Let r be (2 + 15/d)/(8/(-72)). What is w(r)?
19
Let m be 10*(72/30 - 2). Let c(r) = -1 - 2 - m*r + 3 + 6 + 5*r. Determine c(5).
11
Let x(o) = -o**3 - 14*o**2 + 9*o + 14. Let y(v) = v**3 - 23*v**2 + 38*v + 83. Let u be y(21). Let n(w) = -w**2 + w + 1. Let p(j) = u*x(j) + 7*n(j). Give p(-7).
7
Suppose -62*c + 17*c = -540. Let t(b) = 0 - c + 13 + b + 2*b. Calculate t(7).
22
Let z(h) = 5*h**2 + 13. Let d(k) be the third derivative of -k**5/60 - k**3/6 - k**2 + 13. Let r(m) = 6*d(m) + z(m). Calculate r(-6).
-29
Let r = -46102 - -46105. Let h(y) = 42*y - 120. Determine h(r).
6
Let t(b) be the third derivative of -1/60*b**5 - 2*b**2 + 17*b + 0 - 7/24*b**4 + 1/2*b**3. Let m(d) = -d**2 + 2. Let u be m(3). Calculate t(u).
3
Let t(b) = 2*b + 5. Let u be (30/(-40))/(3/(-12)). Let n(r) = 2*r**2 - 6*r - 4. Let g be n(u). What is t(g)?
-3
Let z(w) = 648*w - 314*w - 343*w - 7 + 2*w**2. Calculate z(0).
-7
Let r(v) = -v**2 + v. Let l(y) = -5*y + 1. Let g = -6 + 7. Let i(k) = g*l(k) - r(k). Let c be i(6). Let m(h) = -9*h + 1. Give m(c).
-8
Let r(s) = -5*s**3 - 13*s**2 + 12*s - 22. Let l(y) = y**3 + 4*y**2 - 4*y + 7. Let m(d) = -13*l(d) - 4*r(d). What is m(1)?
8
Let j(c) = -4*c**2 + 44*c + 23. Suppose 89*p - 459 = 787. Determine j(p).
-145
Let n be (-1)/(((-49)/(-7))/(-21)). Suppose 4*m = g + 2*g - 17, 0 = n*m + 2*g. Let a(i) = -3*i**2 - i. What is a(m)?
-10
Let m be (-7)/(-2)*(-48)/(-28). Suppose c = m*c + 35. Let f(y) = -y + 25 + 0 - 21. Calculate f(c).
11
Suppose 5*u - 5*q - 31 - 14 = 0, 3*q + 61 = 5*u. Let k(o) = o**3 - 15*o**2 - 48*o + 243. Calculate k(u).
5
Let q(u) be the third derivative of u**4/24 - 11*u**3/6 - 9*u**2. Let j = 68 + -63. Suppose j*k = -5*i + 4*k + 22, -22 = -2*i + 4*k. Give q(i).
-6
Let z(r) = -37*r**2 - 3*r**2 + 1 + 41*r**2 - 9*r**2. Suppose -7*l + 2*l + 5 = 0. Determine z(l).
-7
Let b(h) = -h**2 - 30*h + 331. Let n be b(9). Let m(q) = 15*q + 306. Calculate m(n).
6
Let k(s) = -18*s + 2*s**3 + 78*s**2 - 1055 - 58*s**2 - 51*s**2 + 1059. Determine k(16).
-28
Let z(k) = 3*k - 7. Let d(i) = -i**2 + 14*i - 52. Let m(q) = -d(q) + 5*z(q). What is m(0)?
17
Let g(i) = -4*i - 5. Let n = 460 + -458. Let p(s) = s + 1. Let f(u) = n*g(u) + 7*p(u). Determine f(0).
-3
Let h(o) = -o**2 + 42*o - 159. Let n be (-84)/126 + (-464)/(-12). What is h(n)?
-7
Let m(d) = d**3 + d**2 - 3*d. Let r(o) = -1 - o**2 + 5 + 3*o + 1 + 2. Let p be r(5). What is m(p)?
-9
Let y(o) = 0 - 83*o**2 + 81*o**2 - 1 - 17. Give y(0).
-18
Let t = -362 + 409. Let x(j) = -17 - 17 + 29*j - 12 + t. Calculate x(-1).
-28
Let p(g) = 9 + 7 - 2295*g + 1148*g + 1153*g. Determine p(-4).
-8
Let y(k) be the third derivative of -k**4/6 + 7*k**3/6 + 22*k**2. Suppose -11*h = 86 - 141. Determine y(h).
-13
Suppose 3*z - 60 = 5*t, 2*t - 6*t + 18 = 2*z. Suppose -5 = -10*i + z. Let o(u) = i + u**3 + u + 13*u**2 - 12*u**2 + u. Calculate o(-2).
-6
Let k(v) = 2*v**2 + 20*v - 19. Suppose 0 = 3*l - 17897 + 17930. Calculate k(l).
3
Let a be 1 + 5442/14 + (-36)/(-126). Let r(o) = 2 + 0*o**2 - a*o + 393*o - o**3 - 2*o**2. Determine r(-2).
-4
Let f = -6 - -10. Suppose 0*n + 3 = 4*n - p, 0 = f*n - 4*p. Let x(d) = d - d - 2*d - n. What is x(-1)?
1
Let j(i) be the third derivative of -13*i**4/24 - 5*i**3 - 957*i**2 + 3*i. What is j(-7)?
61
Let c(z) be the third derivative of -1/12*z**4 - 2*z**2 + 5/6*z**3 + 0*z + 1. Determine c(8).
-11
Let f(y) be the second derivative of y**5/20 - y**3/6 + 27*y**2/2 + 2*y - 12. Calculate f(0).
27
Let i(h) = 5*h + 6. Let t = 27679 - 27681. What is i(t)?
-4
Suppose -23 - 9 = -16*l. Let w(k) = -k**3 + 3*k - 25 + 11 + 4*k - 4*k**l + 15. What is w(-5)?
-9
Let b = 343 + -284. Let l(w) = -115*w + b*w - 12 + 3 + 55*w. Suppose -5*o - 25 = 3*a + 28, 3*o + 35 = -5*a. Determine l(o).
1
Let o(q) = -88*q + 59. Let h(v) = 53*v - 30. Let x(n) = 5*h(n) + 3*o(n). Determine x(-14).
13
Suppose -22*a - m = -20*a - 33, 2*a - 51 = 5*m. Let y(c) be the first derivative of 7/3*c**3 + c + a + c**2. Calculate y(-1).
6
Let l(h) = -8*h**2 + 5*h**3 + h - 25*h**3 + 3*h + 21*h**3 + 2. What is l(5)?
-53
Let i(a) be the second derivative of 0*a**2 + 1/60*a**5 + 9/2*a**3 + 0 - 7/24*a**4 - 12*a. Let d(v) be the second derivative of i(v). What is d(7)?
7
Suppose -3*q = 2*a - 12, 2*q - 3 = -2*a + 7. Let f(g) = -7*g - g**q + 16*g + 62 - 60. What is f(6)?
20
Let t(k) = -1. Let u(m) = m + 4. Suppose 4*p - 32 = -8. Let d(g) = p*t(g) - u(g). Let r = -458 + 449. Calculate d(r).
-1
Let b(w) be the third derivative of -110*w**2 + 0 + 0*w + 5/6*w**3 + 1/12*w**4 - 1/60*w**5. Calculate b(-5).
-30
Let u = 8661 - 8661. Let v(p) = p**2 - 9*p. What is v(u)?
0
Let h(b) = -4*b + 114. Suppose 258*o - 256*o - 48 = -r, o = 5*r + 46. Determine h(o).
10
Suppose -4*m = -5*x + 4*x - 2, m - 11 = -5*x. Let q(n) = -6 - 2*n**2 - 9*n**2 + 8 - 4*n**2 - n + 16*n**2. What is q(x)?
4
Let n(d) = 3*d**3 + 2*d**2 + 2*d + 1. Let x = -33 - -32. Let f(z) = 9*z**3 + z**2 - z - 1. Let h be f(x). Let k be (6 - 1) + 2 + h. Give n(k).
-2
Let r(y) = y**2 + 17*y + 61. Let n = -1605 - -1592. Calculate r(n).
9
Let n(l) be the second derivative of -57*l - 7/6*l**3 + 0 - 3*l**2 - 1/12*l**4. Determine n(-7).
-6
Let f(g) be the first derivative of -g**4/4 - 4*g**3 - g**2/2 - 18*g + 5119. Calculate f(-12).
-6
Let p(z) = 3*z + 1. Let v(l) = 2*l. Let j(b) = 3*p(b) - 4*v(b). Let q(a) = -25 + 13*a + 14*a + 6*a - 32*a. Let f 